{"id":71,"date":"2020-09-08T14:30:11","date_gmt":"2020-09-08T12:30:11","guid":{"rendered":"https:\/\/www.happyflame.eu\/?page_id=71"},"modified":"2024-01-30T18:52:00","modified_gmt":"2024-01-30T17:52:00","slug":"kontakty","status":"publish","type":"page","link":"https:\/\/www.happyflame.eu\/?page_id=71","title":{"rendered":"Kontakty"},"content":{"rendered":"\r\n<p><strong>Kontakty<\/strong><br \/>Telef\u00f3n: +421 948 953 689<br \/>Email:\u00a0<a href=\"mailto:info@pecmaniak.store\">info@happyflame.eu<\/a><\/p>\r\n\r\n\r\n\r\n<p><strong>Faktura\u010dn\u00e1 adresa<\/strong><br \/>HAPPY FLAME s.r.o.<br \/>Hlavn\u00e1 184\/79,<br \/>07651 Priben\u00edk<br \/>Slovakia<\/p>\r\n\r\n\r\n\r\n<p>I\u010cO: 53238010<br \/>DI\u010c: 2121317407<br \/>I\u010c DPH: SK2121317407<br \/>Platca DPH.<\/p>\r\n\r\n\r\n\r\n<p>Zap\u00edsan\u00e9 v obchodnom registri Okresn\u00e9ho s\u00fadu Bansk\u00e1 Bystrica,<br \/>oddiel: sro, vlo\u017eka \u010d\u00edslo: 39477\/S.<\/p>\r\n\r\n\r\n\r\n<p><strong>Dozorn\u00e1 org\u00e1n<\/strong><br \/>In\u0161pektor\u00e1t SOI pre Ko\u0161ick\u00fd kraj<br \/>Vr\u00e1tna 3, P. O. BOX A-35, 040 65 Ko\u0161ice 1<br \/>Odbor v\u00fdkonu dozoru<br \/>tel. \u010d. 055\/729 07 05, 055\/622 76 55<br \/>fax \u010d. 055\/622 46 95<\/p>\r\n\r\n\r\n<p>&nbsp;<\/p>\n","protected":false},"excerpt":{"rendered":"<p>KontaktyTelef\u00f3n: +421 948 953 689Email:\u00a0info@happyflame.eu Faktura\u010dn\u00e1 adresaHAPPY FLAME s.r.o.Hlavn\u00e1 184\/79,07651 Priben\u00edkSlovakia I\u010cO: 53238010DI\u010c: 2121317407I\u010c DPH: SK2121317407Platca DPH. Zap\u00edsan\u00e9 v obchodnom registri Okresn\u00e9ho s\u00fadu Bansk\u00e1 Bystrica,oddiel: sro, vlo\u017eka \u010d\u00edslo: 39477\/S. Dozorn\u00e1 org\u00e1nIn\u0161pektor\u00e1t SOI pre Ko\u0161ick\u00fd krajVr\u00e1tna 3, P. O. BOX A-35, 040 65 Ko\u0161ice 1Odbor v\u00fdkonu dozorutel. \u010d. 055\/729 07 05, 055\/622 76 55fax \u010d. 055\/622 [&hellip;]<\/p>\n","protected":false},"author":2,"featured_media":0,"parent":0,"menu_order":0,"comment_status":"closed","ping_status":"closed","template":"","meta":{"_bbp_topic_count":0,"_bbp_reply_count":0,"_bbp_total_topic_count":0,"_bbp_total_reply_count":0,"_bbp_voice_count":0,"_bbp_anonymous_reply_count":0,"_bbp_topic_count_hidden":0,"_bbp_reply_count_hidden":0,"_bbp_forum_subforum_count":0,"footnotes":""},"jetpack_sharing_enabled":true,"_links":{"self":[{"href":"https:\/\/www.happyflame.eu\/index.php?rest_route=\/wp\/v2\/pages\/71"}],"collection":[{"href":"https:\/\/www.happyflame.eu\/index.php?rest_route=\/wp\/v2\/pages"}],"about":[{"href":"https:\/\/www.happyflame.eu\/index.php?rest_route=\/wp\/v2\/types\/page"}],"author":[{"embeddable":true,"href":"https:\/\/www.happyflame.eu\/index.php?rest_route=\/wp\/v2\/users\/2"}],"replies":[{"embeddable":true,"href":"https:\/\/www.happyflame.eu\/index.php?rest_route=%2Fwp%2Fv2%2Fcomments&post=71"}],"version-history":[{"count":5,"href":"https:\/\/www.happyflame.eu\/index.php?rest_route=\/wp\/v2\/pages\/71\/revisions"}],"predecessor-version":[{"id":397,"href":"https:\/\/www.happyflame.eu\/index.php?rest_route=\/wp\/v2\/pages\/71\/revisions\/397"}],"wp:attachment":[{"href":"https:\/\/www.happyflame.eu\/index.php?rest_route=%2Fwp%2Fv2%2Fmedia&parent=71"}],"curies":[{"name":"wp","href":"https:\/\/api.w.org\/{rel}","templated":true}]}}