{"id":155,"date":"2020-09-26T14:00:04","date_gmt":"2020-09-26T12:00:04","guid":{"rendered":"https:\/\/www.happyflame.eu\/?page_id=155"},"modified":"2020-09-29T21:22:17","modified_gmt":"2020-09-29T19:22:17","slug":"co-je-ufo-disk-na-pecenie","status":"publish","type":"page","link":"https:\/\/www.happyflame.eu\/?page_id=155","title":{"rendered":"\u010co je UFO &#8211; disk na pe\u010denie?"},"content":{"rendered":"\n<p><strong>Najjednoduch\u0161\u00ed z&nbsp;jednoduch\u00fdch!<\/strong><br><strong><br>T\u00e1to veta presne vystihuje UFO Cooking Dish \u2013 disk na pe\u010denie, ke\u010f\u017ee ho m\u00f4\u017eeme pou\u017e\u00edva\u0165 v&nbsp;pr\u00edrode, z\u00e1hrade, lese, po\u010das ryba\u010dky, lovu alebo v\u00fdletu, ale v\u010faka svojej ve\u013ekosti sa zmest\u00ed aj do r\u00fary, tak\u017ee ho m\u00f4\u017eu pou\u017e\u00edva\u0165 aj \u013eudia, ktor\u00ed neradi op\u00fa\u0161\u0165aj\u00fa bet\u00f3nov\u00fa d\u017eung\u013eu.<\/strong><\/p>\n\n\n\n<div class=\"wp-block-image is-style-rounded\"><figure class=\"aligncenter size-large is-resized\"><img loading=\"lazy\" decoding=\"async\" src=\"https:\/\/www.happyflame.eu\/wp-content\/uploads\/2020\/09\/UFO-the-favorite-of-bruschcrafters-and-fisherman-1024x1024.jpg\" alt=\"\" class=\"wp-image-156\" width=\"738\" height=\"738\" srcset=\"https:\/\/www.happyflame.eu\/wp-content\/uploads\/2020\/09\/UFO-the-favorite-of-bruschcrafters-and-fisherman-1024x1024.jpg 1024w, https:\/\/www.happyflame.eu\/wp-content\/uploads\/2020\/09\/UFO-the-favorite-of-bruschcrafters-and-fisherman-300x300.jpg 300w, https:\/\/www.happyflame.eu\/wp-content\/uploads\/2020\/09\/UFO-the-favorite-of-bruschcrafters-and-fisherman-150x150.jpg 150w, https:\/\/www.happyflame.eu\/wp-content\/uploads\/2020\/09\/UFO-the-favorite-of-bruschcrafters-and-fisherman-768x768.jpg 768w, https:\/\/www.happyflame.eu\/wp-content\/uploads\/2020\/09\/UFO-the-favorite-of-bruschcrafters-and-fisherman.jpg 1440w\" sizes=\"(max-width: 738px) 100vw, 738px\" \/><\/figure><\/div>\n\n\n\n<p><\/p>\n\n\n\n<p>Je prenosn\u00fd, \u013eahk\u00fd, nie je krehk\u00fd a&nbsp;navy\u0161e vyzer\u00e1 ve\u013emi cool!<br>Jeho pomocou m\u00f4\u017eeme \u013eahko a&nbsp;r\u00fdchlo vy\u010dari\u0165 jedlo aj v&nbsp;pr\u00edrode, preto sa stal ob\u013e\u00faben\u00fdm n\u00e1strojom ryb\u00e1rov a&nbsp;bushcrafterov.<\/p>\n\n\n\n<p>V&nbsp;n\u00e1dobe ktor\u00e1 poch\u00e1dza od star\u00fdch drevoruba\u010dov a&nbsp;spa\u013eova\u010dov uhlia sa daj\u00fa pripravi\u0165 jedine\u010dn\u00e9 jedl\u00e1 v pahrebe. Cez zimu m\u00f4\u017eeme UFO nalo\u017een\u00e9 rozli\u010dn\u00fdmi druhmi m\u00e4sa, zeleniny a&nbsp;slaniny vlo\u017ei\u0165 do krbu, pece alebo kachl\u00ed.<br>Nemus\u00edme robi\u0165 ni\u010d in\u00e9, iba vlo\u017ei\u0165 do UFO pr\u00edsady, zatvori\u0165 ho, vlo\u017ei\u0165 do pahreby &#8211; ktorou n\u00e1dobu trochu oblo\u017e\u00edme &#8211; a&nbsp;sem-tam premie\u0161a\u0165 jedlo jednoduch\u00fdm poot\u00e1\u010dan\u00edm disku.<br><br>Ak disk ulo\u017e\u00edme otvoren\u00fd do pahreby, tak v&nbsp;\u0148om m\u00f4\u017eeme pripravi\u0165 naraz dva druhy jed\u00e1l. Na jednej polovici m\u00f4\u017eeme zohrieva\u0165 vodu na k\u00e1vu, \u010daj, alebo uvari\u0165 polievku, k\u00fdm na druhej vieme pripravi\u0165 le\u010do alebo jednoduch\u00e9 zemiaky na paprike.<\/p>\n\n\n\n<p>V&nbsp;UFO, pod\u013ea jeho ve\u013ekosti, m\u00f4\u017eeme pripravi\u0165 dostato\u010dn\u00e9 jedlo pre 2 a\u017e 12 \u013eud\u00ed. Pod\u013ea mno\u017estva pripravovan\u00e9ho jedla sa m\u00e1 po\u010d\u00edta\u0165 s&nbsp;\u010dasom pr\u00edpravy od 40 min\u00fat a\u017e do jeden a&nbsp;pol hodiny, k\u00fdm sa k\u013eudne m\u00f4\u017eeme venova\u0165 svojim povinnostiam. Disk v\u00e1s nikdy nesklame, v&nbsp;uzatvorenom priestore sa vytvor\u00ed dokonal\u00e1 harm\u00f3nia chut\u00ed \u2013 aj z&nbsp;tej najjednoduch\u0161ej dvojice kuracie prsia a&nbsp;zemiaky vznikne nie\u010do jedine\u010dn\u00e9.<br>Z\u00e1rove\u0148 sa v\u0161ak m\u00f4\u017eete poduja\u0165 aj na v\u00e4\u010d\u0161ie gastronomick\u00e9 v\u00fdzvy \u2013&nbsp; od z\u00e1kladn\u00fdch receptov a\u017e po s\u00fa\u0165a\u017en\u00fd perkelt z&nbsp;diviny \u2013 dokonca sa v&nbsp;\u0148om d\u00e1 upiec\u0165 aj chlieb a&nbsp;\u00fadi\u0165 ryba!<\/p>\n\n\n\n<div class=\"wp-block-image is-style-rounded\"><figure class=\"aligncenter size-large is-resized\"><img loading=\"lazy\" decoding=\"async\" src=\"https:\/\/www.happyflame.eu\/wp-content\/uploads\/2020\/09\/Happy-flame-UFO-7-1-1024x504.jpg\" alt=\"\" class=\"wp-image-157\" width=\"768\" height=\"378\" srcset=\"https:\/\/www.happyflame.eu\/wp-content\/uploads\/2020\/09\/Happy-flame-UFO-7-1-1024x504.jpg 1024w, https:\/\/www.happyflame.eu\/wp-content\/uploads\/2020\/09\/Happy-flame-UFO-7-1-300x148.jpg 300w, https:\/\/www.happyflame.eu\/wp-content\/uploads\/2020\/09\/Happy-flame-UFO-7-1-768x378.jpg 768w, https:\/\/www.happyflame.eu\/wp-content\/uploads\/2020\/09\/Happy-flame-UFO-7-1-1536x756.jpg 1536w, https:\/\/www.happyflame.eu\/wp-content\/uploads\/2020\/09\/Happy-flame-UFO-7-1.jpg 1885w\" sizes=\"(max-width: 768px) 100vw, 768px\" \/><\/figure><\/div>\n\n\n\n<p><br>Disk na pe\u010denie UFO je ide\u00e1lnym pomocn\u00edkom s\u00fa\u010dasn\u00e9ho \u010dloveka, pod\u013ea sk\u00fasenost\u00ed sa d\u00e1 ve\u013emi \u013eahko ob\u013e\u00fabi\u0165, v\u010faka jednoduch\u00e9mu pou\u017eitiu urob\u00ed aj z&nbsp;toho najv\u00e4\u010d\u0161ieho kuch\u00e1rskeho analfabeta \u0161\u00e9fkuch\u00e1ra!<\/p>\n\n\n\n<p>Medzi na\u0161imi receptmi n\u00e1jdete niektor\u00e9 zau\u017e\u00edvan\u00e9, vysk\u00fa\u0161an\u00e9 v&nbsp;disku, ale fant\u00e1zii sa hranice neklad\u00fa, z\u00e1le\u017e\u00ed len na v\u00e1s a&nbsp;dostupn\u00fdch surovin\u00e1ch ak\u00e9 jedlo v&nbsp;\u0148om priprav\u00edte.<br>Pr\u00e1ve preto vrelo o\u010dak\u00e1vame nov\u00e9 recepty, ktor\u00fdmi m\u00f4\u017eeme roz\u0161\u00edri\u0165 kruh milovn\u00edkov UFO.<\/p>\n","protected":false},"excerpt":{"rendered":"<p>Najjednoduch\u0161\u00ed z&nbsp;jednoduch\u00fdch!T\u00e1to veta presne vystihuje UFO Cooking Dish \u2013 disk na pe\u010denie, ke\u010f\u017ee ho m\u00f4\u017eeme pou\u017e\u00edva\u0165 v&nbsp;pr\u00edrode, z\u00e1hrade, lese, po\u010das ryba\u010dky, lovu alebo v\u00fdletu, ale v\u010faka svojej ve\u013ekosti sa zmest\u00ed aj do r\u00fary, tak\u017ee ho m\u00f4\u017eu pou\u017e\u00edva\u0165 aj \u013eudia, ktor\u00ed neradi op\u00fa\u0161\u0165aj\u00fa bet\u00f3nov\u00fa d\u017eung\u013eu. Je prenosn\u00fd, \u013eahk\u00fd, nie je krehk\u00fd a&nbsp;navy\u0161e vyzer\u00e1 ve\u013emi cool!Jeho pomocou [&hellip;]<\/p>\n","protected":false},"author":4,"featured_media":0,"parent":2,"menu_order":0,"comment_status":"closed","ping_status":"closed","template":"","meta":{"_bbp_topic_count":0,"_bbp_reply_count":0,"_bbp_total_topic_count":0,"_bbp_total_reply_count":0,"_bbp_voice_count":0,"_bbp_anonymous_reply_count":0,"_bbp_topic_count_hidden":0,"_bbp_reply_count_hidden":0,"_bbp_forum_subforum_count":0,"footnotes":""},"jetpack_sharing_enabled":true,"_links":{"self":[{"href":"https:\/\/www.happyflame.eu\/index.php?rest_route=\/wp\/v2\/pages\/155"}],"collection":[{"href":"https:\/\/www.happyflame.eu\/index.php?rest_route=\/wp\/v2\/pages"}],"about":[{"href":"https:\/\/www.happyflame.eu\/index.php?rest_route=\/wp\/v2\/types\/page"}],"author":[{"embeddable":true,"href":"https:\/\/www.happyflame.eu\/index.php?rest_route=\/wp\/v2\/users\/4"}],"replies":[{"embeddable":true,"href":"https:\/\/www.happyflame.eu\/index.php?rest_route=%2Fwp%2Fv2%2Fcomments&post=155"}],"version-history":[{"count":6,"href":"https:\/\/www.happyflame.eu\/index.php?rest_route=\/wp\/v2\/pages\/155\/revisions"}],"predecessor-version":[{"id":210,"href":"https:\/\/www.happyflame.eu\/index.php?rest_route=\/wp\/v2\/pages\/155\/revisions\/210"}],"up":[{"embeddable":true,"href":"https:\/\/www.happyflame.eu\/index.php?rest_route=\/wp\/v2\/pages\/2"}],"wp:attachment":[{"href":"https:\/\/www.happyflame.eu\/index.php?rest_route=%2Fwp%2Fv2%2Fmedia&parent=155"}],"curies":[{"name":"wp","href":"https:\/\/api.w.org\/{rel}","templated":true}]}}